at is the value of -5 + (1 - -1) - (9 - 9)?
-3
-1 + (0 - 0) + (238 - 243)
-6
What is the value of 8 - 1 - ((-1 - -4) + 2)?
2
What is -10 + 4 + (-6 - -8)?
-4
What is -1 + -2 - -7 - 4?
0
What is 1 - 2 - ((-7 - -1) + 1)?
4
Calculate -5 - (-2 + 2) - (-2 - 2).
-1
Evaluate (-4 - -1 - (-37 + 31)) + -9.
-6
Evaluate 1 + -6 + -2 + 9.
2
What is -4 - ((1 - 4) + 1)?
-2
-3 - (-6 - (-5 - 4)) - -10
4
Evaluate (4 - 2) + -4 + 6.
4
What is 16 - (2 - -5) - 6 - 0?
3
What is the value of 5 + -13 + (-4 - -12)?
0
What is -6 - (-4 + -2 - 3)?
3
What is (-6 - (-7 + 2)) + 0 + -1?
-2
0 + 2 + (-2 - -1)
1
Evaluate 0 + 3 + -2 + -1 + 0.
0
What is 0 + 3 + -1 + -5?
-3
-1 + 4 + (-1 - 0) - 0
2
What is -1 - 4 - (-8 + 2 + 0)?
1
(-8 - -4 - -8) + -1
3
Evaluate -6 - -13 - (-1 - -7).
1
What is -2 + -3 + (1 - (-2 + 3))?
-5
Calculate -2 + (4 - (1 - (2 - 2))).
1
What is the value of -2 - (-6 - -4) - 4 - -3?
-1
What is the value of 0 + 2 - (7 - (9 + -1))?
3
Evaluate -8 - ((-10 - -3) + 6).
-7
What is the value of 3 + (11 - -3 - 12)?
5
What is 7 - (3 + (3 - 4) + 2)?
3
Evaluate (-8 - (-5 + -1)) + 7 + 4.
9
Evaluate -3 + 7 + -7 + 2.
-1
What is -4 - (-3 - (-3 + 1))?
-3
What is (-2 - (4 - 3 - -1)) + 0?
-4
What is -5 + (-4 - (-6 + 3) - 0)?
-6
What is the value of (11 - 9) + -1 - (-6 + 0)?
7
Evaluate -4 - -1 - (4 + 7 + -16).
2
What is the value of -5 + 2 + 1 + 1 + -3?
-4
Calculate -2 + 4 + (0 - 4).
-2
Evaluate -1 - (-8 + -9 + 8).
8
-3 + 1 + (-11 + 14 - 6)
-5
Calculate (11 - 9) + (-1 - 0) + 1.
2
What is 9 + (4 - 6) + -2?
5
What is 3 - 2 - (10 - (13 + -5))?
-1
What is the value of (6 + -9 - -8) + -11 - -3?
-3
What is the value of (15 - 19) + 2 + (2 - 1)?
-1
What is 36 - 30 - (0 + 1)?
5
Evaluate 14 - 9 - (9 + -1).
-3
What is the value of (23 - 9 - 8) + -10?
-4
Evaluate 10 + (-3 - -1) + -4.
4
What is (-1 - -5 - 5) + (-2 - -6)?
3
7 - (3 + (-8 - -8))
4
3 + -2 - (2 + -3 - 0)
2
Evaluate 7 - (2 + -1) - 1 - 0.
5
What is the value of -1 + 3 + -4 - (2 - -1)?
-5
-4 - -1 - (12 - 17)
2
(-1 - 1) + (-8 - -8) + 1
-1
What is 7 + -2 - 9 - 4?
-8
Calculate 0 + (8 - 0) + 11 + -15.
4
Calculate 1 - ((15 - 6) + -13).
5
Evaluate (24 - 7 - -1) + -10.
8
Evaluate -2 - (-11 - -11 - (-1 + 0)).
-3
Evaluate -3 - -5 - (0 - -1).
1
2 + (4 - 4) + (2 - 1)
3
Evaluate 6 + 1 + -2 - (0 - -3).
2
What is the value of 17 + -9 - (-2 - -8)?
2
-1 + -5 + 7 - (-2 - 0)
3
Evaluate -1 - -8 - (32 - 32).
7
Calculate -1 + 16 + -6 + -3.
6
Evaluate 0 - (6 - 7) - (4 - 2).
-1
52 + -64 + 6 + -3
-9
Evaluate -1 - (7 - (-4 + 8)).
-4
Evaluate (11 - -1) + -10 + 5.
7
Calculate 1 + -2 - (2 - 4).
1
What is 10 + 3 - (26 - 6)?
-7
2 - (-3 + 4 + 4)
-3
Evaluate 1 - (2 + 0) - (-1 - 2).
2
What is -1 + 1 - (-6 - -12)?
-6
Calculate (-9 - -19 - 6) + 0 + 2.
6
2 + 7 - (26 - 18)
1
What is 0 + -2 + (1 + -4 - -2)?
-3
Evaluate -10 + 13 + -9 + 10.
4
-4 + 4 + -4 + 7
3
Calculate -7 + 0 + 6 - -4.
3
Evaluate (4 + -2 - 11) + (-2 - -5).
-6
What is the value of 10 + 5 + -8 + 5 + -3?
9
What is the value of 4 - ((4 + 0 - -3) + -2)?
-1
Evaluate (6 - 20) + 9 - (0 - -2).
-7
Evaluate -1 + 8 - ((3 - 0) + 1).
3
What is the value of -1 - ((3 - 4 - -1) + 1)?
-2
Calculate -3 + -1 + (-6 - -16) + -2.
4
(-4 - -4 - -1) + 3 + -3
1
Calculate (-4 - (-2 - -3)) + 9.
4
Evaluate -10 - -13 - 4 - 5.
-6
What is the value of 10 - 11 - (-5 + 1 + -2)?
5
1 + (-2 - -7 - (5 + -1))
2
Evaluate 4 + -7 - (4 + -4).
-3
Calculate -1 + (-4 + 1 - -6).
2
What is the value of -2 + (-3 - 2 - -3)?
-4
Calculate 0 + 2 + -5 + 2.
-1
What is -2 - 5 - -1 - -3?
-3
Evaluate 0 - (7 - 5 - 1).
-1
2 - ((-1 - -1) + -2 + 9)
-5
What is 0 + 12 + (6 - 11) - 12?
-5
Evaluate (2 - (10 - 4)) + 2.
-2
What is the value of 4 - -2 - (-1 - (-6 + 4))?
5
What is the value of 1 - (0 + 3 + 0)?
-2
-9 + 10 - (-8 + 3 + 2)
4
What is 5 + (-4 - (1 - 1))?
1
What is 3 - (5 - 4) - 3?
-1
8 + -5 + 3 - (4 - 1)
3
Calculate 1 + 1 + -3 + 3 + -3.
-1
What is -17 - -22 - (8 + 1)?
-4
(3 - 7) + -2 + (3 - 1)
-4
-4 + 1 + 1 - 3
-5
What is the value of (-5 - -1) + 7 + 1 + 1?
5
-1 + (-7 - -16 - 1)
7
(4 + -5 - -9) + -2
6
Calculate (-1 + -1 - 0) + 5 + -7.
-4
Evaluate (-3 - -2) + (-22 - -31).
8
What is -3 - 1 - -1 - (0 - 9)?
6
Evaluate (2 - (11 - 2 - 4)) + 0.
-3
Evaluate 1 - (0 - 7 - -9).
-1
Evaluate -2 - (-2 - 3) - (2 - 1).
2
(5 + -14 - -4) + 6
1
0 - 2 - (-6 - -4)
0
0 + 6 + -4 + 1 + -3
0
What is (-5 - -5) + -9 + 6?
-3
2 - (3 - -2) - 2
-5
Evaluate -5 + (-14 - -6) - -16.
3
Evaluate -7 + (-1 - (-1 + 4 + -7)).
-4
What is -1 + -1 - (8 - 5)?
-5
Evaluate 0 - (3 + (3 - (8 + -4))).
-2
Evaluate 1 + (-2 - 1) + 1 + 5.
4
What is the value of (-9 - -18) + (-1 - 4)?
4
9 + 1 + -13 + 2
-1
Evaluate 1 + (-6 + 1 - -7).
3
What is the value of 2 - 1 - 2 - -2?
1
Evaluate -9 - (0 - 6) - 0.
-3
(6 - (10 - 15)) + -7
4
What is -4 + 1 + 0 - -2?
-1
-3 + 2 - -1 - (-5 + 6)
-1
35 - 47 - (-5 + (-2 - -1))
-6
Calculate -4 + (-2 - -5) + 1 + -3.
-3
What is 9 - (0 - (-2 + -8))?
-1
Calculate -1 - ((12 - 2) + (16 - 21)).
-6
What is the value of (2 - 3 - -5) + (-4 - -1)?
1
What is the value of (-3 - (0 + 3 + -3)) + 6?
3
Evaluate -18 - -23 - (-1 - -4).
2
Calculate -297 + 292 - (-8 + 0 + 0).
3
Evaluate (-55 - -54) + -1 + 2.
0
What is -1 + (0 - 13 - -7 - -14)?
7
(2 - -8) + -31 + 27 + -1
5
Evaluate -2 + 0 + -1 + -1 + -1.
-5
Evaluate -2 + 4 - (-2 - -3).
1
Evaluate 6 + -3 + 5 + -5.
3
What is the value of 2 + -2 - 2 - (1 - 3)?
0
Evaluate 7 + -10 + 0 - (-9 + 1).
5
Calculate -3 + 1 - (-6 + 2) - 2.
0
Calculate -2 + (-7 - -3) + 8.
2
What is -6 - (-9 + -2) - -1 - 3?
3
Evaluate 11 + -5 + (-4 - 12).
-10
Evaluate -1 - -1 - 5 - -3.
-2
Calculate 4 + (-6 - 1) - -8.
5
Calculate 14 + (6 - 15) + -10.
-5
Evaluate 0 - 0 - (-3 - (4 + -2)).
5
Evaluate -42 + 33 + 15 + -1.
5
What is the value of (-8 - -12) + -6 + -1?
-3
What is the value of 7 + -8 - ((1 - -3) + 2)?
-7
Evaluate (3 - (-1 + 9)) + 1.
-4
What is the value of -5 + (10 - (-2 + 5))?
2
Evaluate 4 + -7 + (0 - -2) - -2.
1
Calculate (-10 - (-5 - (-2 + 2))) + -2.
-7
What is 15 - ((7 - -7) + -6)?
7
Calculate -5 + (-4 - (-7 + 5 + -5)).
-2
Evaluate 1 - 11 - (2 + -11).
-1
What is the value of 4 + (-58 - -60 - (0 - 4))?
10
What is the value of 4 + (7 - 16 - (-1 - 1))?
-3
Evaluate (-1 + 0 - -6) + (-12 - -11).
4
Evaluate -2 + 5 + (-3 - (2 + -1)).
-1
Evaluate (-2 - -8) + (1 - 8).
-1
What is the value of -3 - (-1 + -1) - -4?
3
What is -5 - -3 - (0 + (-1 - 1))?
0
Calculate 0 + 6 + 7 + -9.
4
What is the value of 0 + 6 + -1 - 4?
1
Calculate (4 - -6) + -7 + 1.
4
What is (5 - 7 - (-4 + 6)) + 9?
5
Calculate 4 + 2 + (-7 - (-2 + 4)).
-3
Evaluate -8 - (-3 - -6 - 9).
-2
What is the value of 26 + -31 - (3 - (-1 - -18))?
9
What is (-7 + 2 - (4 + 0)) + 7?
-2
What is the value of 0 + (8 - 3) + -4 + 2?
3
3 + -2 + -4 - (-6 + 7)
-4
What is -5 + (7 - -3) - 2?
3
Evaluate -4 - (-5 + 11 - 9).
-1
Calculate 8 + -1 - (4 + -1).
4
What is -2 - (-12 - (-10 + 0))?
0
What is (-1 - 1) + 0 + 0?
-2
2 - (-3 - (4 - 8))
1
Evaluate 7 + 3 + -13 + -2.
-5
-3 - (-1 + 5) - -4
-3
Evaluate -28 + 29 - (-2 - (-4 - -1)).
0
0 - (-1 - (-2 + 0))
-1
Evaluate (2 - (4 - -1)) + 6.
3
Evaluate 5 + -1 + (2 - 7).
-1
What is 1 - (-4 + 10 + -3 + -7)?
5
-7 + (-1 - -6) - (0 + 1)
-3
3 - ((-5 - -7) + (-4 - -1))
4
3 - ((-1 - -4) + 3)
-3
(-26 - -30) + 2 + -2
4
What is the value of -2 + 6 - (6 + 2 + 1)?
-5
2 - (-2 + -4 + 10) - -1
-1
What is the value of -3 - (1 - -3) - -4?
-3
Evaluate 0 - -1 - 4 - -5.
2
What is -7 + (19 - (-5 + 18 + -6))?
5
Evaluate (5 - 0 - (-8 + 8)) + -7.
-2
Evaluate -1 - 5 - -6 - -4.
4
What is the value of 4 - -1 - (7 - -5)?
-7
-2 + -3 + (82 - 81)
-4
What is the value of -11 + 7 - (-4 + 5 - 7)?
2
Evaluate (5 - (0 - (-4 + 6))) + -5.
2
Evaluate (4 - (-4 - -12)) + 7.
3
Evaluate -4 - (-5 + (-6 - -5)).
2
1 + -2 + -7 + 7
-1
(12 - 0) + -4 + 1
9
What is -3 + (3 - 2) - -2?
0
Calculate -6 + (-1 + 3 - 4) + 3.
-5
What is (-4 - -13) + (-2 - 1) + 0?
6
-3 - (5 + -15 + 2) - 7
-2
(-2 - -9) + (29 - 35) + -2
-1
Evaluate 8 + (7 + -21 - -3).
-3
Calculate -8 - (-18 + (7 - 4)).
7
What is the value of (-1 - 1 - (-1 - 8)) + -2?
5
What is 0 + 5 + (-3 - -1)?
3
What is the value of -7 + 2 + 3 + 0?
-2
Calculate 1 + (-2 + -3 - -9).
5
Calculate -12 + -7 + 3 + 5.
-11
What is the value of 0 + 5 + 6 + -16?
-5
What is 7 - (5 + -7 - (-2 + -2))?
5
Calculate -1 + 1 - 1 - (-38 + 41).
-4
Evaluate 6 + (12 - (13 + 12)).
-7
What is -209 + 201 - (-1 - -1 - -2)?
-10
What is -13 - (-3 - ((-6 - 0) 